when 19/(-3)*(z - 2) is divided by y?
9
Let d(b) = -3*b**3 - 3*b**2 - 2*b + 1. Let u(i) = -i - 2. Let q be u(0). Let l = 84 + -75. What is the remainder when d(q) is divided by l?
8
Let h(j) = j**2 + 5*j**3 + j + 0*j**2 - j**3 + 2. Suppose 0 = -v - 2*d + 16, 3*v + v - 4*d - 52 = 0. What is the remainder when h(2) is divided by v?
12
Let s(a) = 7*a**2 - 3*a - 1. What is the remainder when s(-2) is divided by 12?
9
Suppose -4*s - 1 = -3*u, -s = 3*u + 2*s - 15. Suppose 0 = -u*w + w + 46. What is the remainder when w is divided by 13?
10
Suppose -2*u + 4*q - q + 127 = 0, -2*q = 2*u - 122. Suppose 0 = 5*x - 53 - u. What is the remainder when x is divided by 13?
10
Suppose -11*n + 70 = -51. What is the remainder when n is divided by 7?
4
Suppose -106 = -5*m + 2*j + 2*j, 4*j = -16. What is the remainder when ((-102)/15)/((-2)/10) is divided by m?
16
Suppose 0 = -0*m + 2*m - 92. Let i(h) = 15*h - 7. Let v(y) = 8*y - 4. Let z(u) = -3*i(u) + 5*v(u). Calculate the remainder when m is divided by z(-3).
14
Calculate the remainder when 48 is divided by (7 - 2)/((-2)/(-4)).
8
Let u = -23 - -58. Let p be (66/(-8))/(3/(-8)). Let w = u - p. Calculate the remainder when 24 is divided by w.
11
Let y = -445 + 453. Let p = -15 - -54. Calculate the remainder when p is divided by y.
7
Let l = 7 - 1. Suppose 0 = -2*f + 3*f, 4*u - 68 = -4*f. Calculate the remainder when u is divided by l.
5
Suppose 4*c + 9 = 5*c. Let p(f) be the first derivative of f**4/4 - f**3/3 - 5*f**2/2 + 2*f - 1. What is the remainder when c is divided by p(3)?
4
Let o be 2/(-12) + (-152)/(-48). Suppose -5*x + o*x = -42. What is the remainder when 62 is divided by x?
20
Let r = -34 + 48. Let q = -97 - -106. What is the remainder when r is divided by q?
5
Suppose 6*q - 13 = 29. Let t = -3 - -7. Calculate the remainder when q is divided by t.
3
Suppose -4*b = b. Suppose 0 = 5*u - 4*o - 26, -u + 7 = o - b. Calculate the remainder when 14 is divided by u.
2
Suppose -2*h - 5*g + 1 = 0, -5*g + 10 = -h - 12. Let u(o) = o + 10. Suppose -6*r + 2*r + 12 = 0. Calculate the remainder when u(h) is divided by r.
0
Suppose 7*l - 205 = 117. Calculate the remainder when l is divided by 12.
10
Let d(o) = -7*o - 1. Let m be d(-2). Suppose -9 = w - 23. What is the remainder when (m/2)/((-1)/(-4)) is divided by w?
12
Let f(d) = -d**3 + 12*d**2 + 13*d + 7. Let g be f(12). Let j = g + -116. Calculate the remainder when j is divided by 17.
13
Let s = -1 + -1. Let q(b) = -4*b - 3. Calculate the remainder when q(-5) is divided by 6*1/(s/(-3)).
8
Let t(c) = -c**2 - 7*c + 4. Let k be t(-7). Suppose -q + 5*r + 36 = -54, 314 = k*q + 3*r. What is the remainder when q is divided by 27?
26
Let z be 6*(1 + -3)/(-4). Suppose z*p + s = 10 + 17, -5*p + 62 = -4*s. Let b(a) = -4*a + 2. Calculate the remainder when b(-4) is divided by p.
8
Let c(o) = -5*o + 3. Let i be c(4). Let g = -31 - i. Let m = g + 33. Calculate the remainder when m is divided by 11.
8
Suppose 0 = 3*w + p - 21, 2*p - 12 = -3*w + 4*p. Let r = 19 - w. Calculate the remainder when 51 is divided by r.
12
Let w = 14 - -6. What is the remainder when w is divided by 11?
9
Suppose 7 = -4*f - 5*m, f + 5*m + 9 = -2*f. Suppose -17 = -g + 5*c, 0 = -f*g + c + c + 34. Let k = 73 + -24. What is the remainder when k is divided by g?
15
Let t = -7 - -10. Suppose -6*m + 70 = 5*g - m, -t*g - m + 44 = 0. What is the remainder when g is divided by 9?
6
Let h(b) = -b**2 - 11*b - 2. Let s be h(-8). Let i = s + -11. Calculate the remainder when 31 is divided by i.
9
Let p(r) = r**2 - 5*r + 4. Let h be p(4). Let q(g) = -g**3 - g**2 + 38. What is the remainder when q(h) is divided by 13?
12
Suppose -3*w = -6*w + 12. Let m = -2 + w. Suppose -b + m*b - 76 = -5*v, -4*v = -b - 68. Calculate the remainder when v is divided by 9.
7
Let t(f) = -f**3 + 7*f**2 - 12*f + 8. What is the remainder when 103 is divided by t(4)?
7
Suppose 38 + 14 = z. What is the remainder when 206 is divided by z?
50
Let t be -5*1*(-6)/5. Let i = t + -18. What is the remainder when (i/(-8))/((-6)/(-56)) is divided by 8?
6
Suppose 4*s = 17 + 19. Calculate the remainder when s is divided by (-12)/66 + (-114)/(-22).
4
Let f(k) = k**2 + k - 3. Let y(u) = -7*u + 5 - u**2 - 5. Let o be y(-6). What is the remainder when f(o) is divided by 10?
9
Suppose 5*v - 34 = w + 2*w, -4*v + 34 = w. Suppose 26*y = 27*y - 29. What is the remainder when y is divided by v?
5
Let f(y) = -y**2 - 4*y - 1. Let a be f(-3). Suppose g - a*r = 1 + 71, 5*g + r = 393. What is the remainder when g is divided by 27?
24
Suppose -3*v + 0 = -4*m - 4, 5*m + 5*v - 30 = 0. What is the remainder when 6 is divided by m?
0
Let b = -61 - -120. Let q = b - 37. Suppose 5*k - 45 = -4*d, 23 = 5*k + d - q. Calculate the remainder when 16 is divided by k.
7
Suppose 0 = 3*c + 2*r + r - 21, 0 = 2*c + r - 12. Let j = c - 1. What is the remainder when j is divided by 3?
1
Let r = 32 + -22. Calculate the remainder when ((-2)/5)/(r/(-1050)) is divided by 11.
9
Suppose 2*w + 22 = -3*z + 3*w, w + 26 = -5*z. Calculate the remainder when 16 is divided by (0 - -3)/((-2)/z).
7
Let g(r) = -2*r**3 + 11*r**2 + 8*r - 9. Calculate the remainder when 17 is divided by g(6).
2
Suppose i = -5*z + 78, -4*z = -2*i + 109 + 75. What is the remainder when i is divided by 20?
8
Let r = 7 + 22. Let v = r - -22. Calculate the remainder when v is divided by 18.
15
Suppose 30 = -19*i + 24*i. Calculate the remainder when 14 is divided by i.
2
Let q(b) = 33*b**2 + b - 1. Calculate the remainder when q(1) is divided by 7.
5
Let t(s) = -11*s. Let a(y) = -22*y. Let k(l) = 2*a(l) - 5*t(l). Let b = 64 + -33. Calculate the remainder when b is divided by k(1).
9
Let v = -5 + -3. Let r = v + 16. What is the remainder when r is divided by 5?
3
Suppose p = 34 + 17. What is the remainder when p is divided by 30?
21
Suppose -3*g - 93 + 276 = 0. What is the remainder when g is divided by 21?
19
Suppose -2*b + 79 = -5*z, -4*b = z + 4*z + 67. Let y be -5*-6*(-3)/z. Let t = y - 2. Calculate the remainder when t is divided by 2.
0
Let s be (-62)/(-5) - (-8)/(-20). Let u = 5 + s. Calculate the remainder when u is divided by 9.
8
Suppose 2*w - 101 = -n + 10, w = 0. Suppose -2*i = -0*l + 5*l - 196, -i - n = -3*l. Calculate the remainder when l is divided by 13.
12
Suppose 7*x - 2*x + s = 13, -4*x = 4*s - 20. Let l = 9 - x. Suppose 0 = 4*f - 5*c - 157, f - 5*c - l - 36 = 0. What is the remainder when f is divided by 20?
18
Let s(i) be the third derivative of -13*i**6/120 - i**5/60 + i**4/24 + i**3/6 + 3*i**2. What is the remainder when 4/6*(-207)/(-6) is divided by s(-1)?
11
Calculate the remainder when 172 + 3 + (-5)/(-5) is divided by 45.
41
Let o(v) = -v**2 + 5*v - 1. What is the remainder when o(4) is divided by ((-48)/72)/((-2)/6)?
1
Suppose -5 - 3 = -g. Calculate the remainder when 10*-3*(-12)/g is divided by 16.
13
Let x = 26 - 18. Calculate the remainder when 15 is divided by (x - 7)*(4 + 0).
3
Suppose 2*p - 6 = 0, -2*f - 3*f + 32 = 4*p. Suppose -f*k - 85 = -0*k - i, 2*i = -4*k - 70. Let t = -2 - k. What is the remainder when 52 is divided by t?
16
Suppose 5*p - 82 = 3*x, 0 = p + 2*p + 3*x - 54. Let q = -46 - -112. Calculate the remainder when q is divided by p.
15
Suppose 2*c + u = 71, -3*c = -u - 121 + 22. Suppose -o + 5*l - 1 = 0, -2*o + 3*l - 6 + 18 = 0. Calculate the remainder when c is divided by o.
7
Let q = 24 + -13. Let z = q + -3. Calculate the remainder when z is divided by 5.
3
Let u be (11 + 4/2)*1. Suppose 4*l - u = 23. What is the remainder when 4/(-18) - (-292)/18 is divided by l?
7
Let m = -25 + 57. Suppose 5*f - 68 = f. What is the remainder when m is divided by f?
15
Suppose -28 = -3*b + 8. What is the remainder when b is divided by 3?
0
Let o = 25 - 21. What is the remainder when 15 is divided by o?
3
Let q(t) = t**3 - 5*t**2 + 6*t - 5. What is the remainder when 15 is divided by q(4)?
0
Suppose -n = -d - 2, -n - n + 8 = 2*d. Suppose -n*c + c = -182. Calculate the remainder when c is divided by 23.
22
Suppose 0 = -4*q + 1 + 23. Calculate the remainder when q is divided by 2.
0
Let s = 83 - 47. What is the remainder when s is divided by 11?
3
Let k(c) = 5*c - 22. What is the remainder when 104 is divided by k(8)?
14
Suppose -19 = -4*f + n + 4, 0 = -3*n - 9. What is the remainder when f is div